234)/15 - 2/5. Let m(n) = 2*n**3 - 5*n**2 - 3*n + 3. Let x be m(4). Let a = x + v. Is a composite?
False
Let q be (-1*1)/(1/(-3)). Suppose -q*g = -6*g + 147. Is g a prime number?
False
Let o(i) = 184*i**3 - 2*i**2 + 2*i - 1. Is o(1) composite?
True
Suppose 20 = -5*c - 5*k, 3*c = -2*c - 4*k - 21. Is (-1974)/c - 1/(-5) composite?
True
Let m be 188/28 - 2/(-7). Let l be (-1714)/(-18) - 4/18. Suppose 0 = 2*i - m*i + l. Is i a composite number?
False
Let g = -1 - -4. Suppose 3*w = -3*k - 2*k + 20, k + 24 = 5*w. Suppose g*i + 1106 = w*s, i + 329 = -3*s + 1001. Is s prime?
True
Let i = -16 - -15. Let c(z) = -22*z**3 - 2*z**2 + 1. Is c(i) a prime number?
False
Suppose 106*y - 111*y + 8915 = 0. Is y a composite number?
False
Suppose 4*v + 2*y + 16 = -2*y, -y = -v + 2. Let z = -3 - v. Is (44/6)/(z/(-6)) composite?
True
Suppose -4 = -q, -q + 68 = 3*m - 5*q. Let t = m + -7. Is t a composite number?
True
Is ((-522)/(-4))/9*22 prime?
False
Let g(k) = 5*k**2 + k + 3. Suppose 0 = -4*u - 0*u + 28. Let q be g(u). Suppose 5*x = -2*n + q, 3*x + 19 = 2*n + 156. Is x a composite number?
True
Let n = -27 - -92. Suppose -p - n = -2*p. Is p a prime number?
False
Let t = 1408 - 537. Is t composite?
True
Suppose 2*x - 2 = 6. Suppose -x*i + 2 + 22 = 0. Is i*3/(-6) - -90 a composite number?
True
Suppose -4*u = u. Suppose -230 = -u*c - 2*c. Is c a composite number?
True
Let v = 1309 - 912. Is v a composite number?
False
Is (-3)/6 - 5926/(-4) prime?
True
Suppose g + p = 129, 0 = -g - 0*g + 4*p + 119. Is g prime?
True
Let c be 52*2 + (-2)/1. Let h = c - 69. Is h prime?
False
Let s = 2 - 2. Suppose -o + 4*d = -0*o + 144, 4*d - 12 = s. Is (7/(-3))/(4/o) prime?
False
Suppose 0 = v + 5*r - 4104, -4*v + 0*v - 4*r + 16432 = 0. Is v prime?
False
Suppose 4*i + 4*g = 3*g + 19, -3*i + 3*g = -3. Suppose -4*z - 3*k = -16, -3*z - i*k + 12 = -2*k. Suppose 263 = z*t - 45. Is t a composite number?
True
Suppose -w + 2*i = -0*i - 165, -3*w + 509 = i. Is w prime?
False
Let d be 3 + (-2 - 0) - 292. Let y = 13 - d. Suppose 0 = -5*v + 2*k + 389, 0 = 4*v + k - 5*k - y. Is v a composite number?
False
Suppose -6*k + k - 3*b = 2, -k - b = 0. Let o(r) = r**2. Let y be o(k). Is y + -2 + (16 - 0) composite?
True
Let a(q) = 14*q + 4. Is a(5) a composite number?
True
Suppose 3*h + 175 = 532. Is h composite?
True
Let f be 108/(-20) - (-6)/(-10). Is 33/f*-34 + 4 composite?
False
Let w(l) = 20*l - 1. Let o = -7 + 9. Suppose 0 = -0*t - 2*t + o. Is w(t) a prime number?
True
Suppose -2*r = h - 319, -r - h + 68 + 92 = 0. Is r a composite number?
True
Suppose -4*i = -0*i - 4468. Is i prime?
True
Suppose 3*x - 1482 = v, 0 = -4*x - x - 5*v + 2450. Is x composite?
True
Let g(l) = -l**3 - l**2 + l - 1. Let k(i) = i - i**2 + 0*i + 0*i - 4 - 5*i**3. Let w(u) = -2*g(u) + k(u). Is w(-3) prime?
False
Suppose -3*i + 2*o + 2 = 0, -3*o + 1 = 5*i + 4. Is 14/2 - i/3 prime?
True
Let n(p) = 3*p + p**3 - p**3 - 3 + 3*p**3 - 8*p**2 - 2*p**3. Is n(8) prime?
False
Let b = 1378 - 591. Is b composite?
False
Let o be 7 - (1 - -5)/3. Let i = o + -3. Is -1 - -37 - i/(-1) prime?
False
Let g be (2 - -3 - 0)*-5. Let c be (-6)/(-27) + g/(-9). Suppose u - 2 = -2*n + c*u, 2*n + u - 17 = 0. Is n composite?
True
Suppose 3*z = s + s + 3, 3*s + 3*z = 3. Suppose 2*v = x - s*x, -20 = -4*v. Is (2*-3 - -3) + x a composite number?
False
Let i(o) = 10*o**3 - 2*o**2 + 4*o - 3. Let j be i(2). Let w = j - 52. Is w composite?
True
Is 39/26 - (1 + (-1674)/4) a composite number?
False
Let i(t) = -11*t - 8. Let g = 0 - -6. Let q be i(g). Let c = -21 - q. Is c prime?
True
Let j(k) = -11*k**2 - 2*k - 3. Let m(o) = -o**2 + o. Let s(w) = -j(w) + 4*m(w). Is s(-4) composite?
True
Let u(x) = -2*x**3 + 3*x**2 - 2*x + 2. Let i be u(2). Let k = i - -7. Is (85 + 1)*k - -3 composite?
False
Let k(p) = -2*p**3 - 5*p**2 - 4*p - 3. Let v be k(-4). Let q = v + -42. Is q prime?
True
Let d(i) = -i**2 - 10*i - 7. Let o be d(-9). Suppose 223 = o*k - k. Is k a prime number?
True
Let g(i) = 2*i**2 + 2. Suppose -2*j = -5 - 3. Suppose j*n + 12 = 4. Is g(n) a composite number?
True
Let v(u) = -129*u - 5. Is v(-2) a composite number?
True
Let m(c) = 20*c**2 - 2*c - 13. Is m(-6) prime?
True
Suppose 2*p = -2*h + 42, 2*p = p + 3*h + 5. Let o = -11 + p. Is o composite?
True
Let t(k) = -3*k + 4. Let x be t(3). Let r be -8*(x/2 - -2). Suppose -v - 11 = r*p - 34, 3*v + 3*p - 60 = 0. Is v composite?
False
Is -1 + 782 + 0/(-8) prime?
False
Is 1538/6 - 6/(-9) a prime number?
True
Suppose 4*g + 5*f - 1003 = 0, -4*f = -4*g - 2*f + 1038. Is g a composite number?
False
Suppose -3*g = -2*g + 16. Let o be ((-105)/20)/(6/g). Suppose -h + 0 = -o. Is h composite?
True
Let b(u) = u**3 + 9*u**2 + 8*u + 2. Let m be b(-7). Suppose 30 = 2*w - m. Is w prime?
True
Let d(q) = -q**3 - 7*q**2 - 2*q - 10. Let k be d(-7). Let g be (-1694)/(-4) + (-6)/(-12). Suppose g = k*j - 420. Is j a prime number?
True
Suppose y - 20 = -4*y - 5*m, -y - 5*m + 12 = 0. Suppose 214 = y*g + 72. Is g composite?
False
Suppose 2*t - 6*t + 13256 = a, -5*a + 3314 = t. Is t a composite number?
True
Let w(b) be the second derivative of 19*b**5/120 + b**4/12 - 2*b**3/3 + 4*b. Let f(k) be the second derivative of w(k). Is f(3) composite?
False
Suppose 5*p - 7*p = -2886. Let j = p + -997. Let c = j - 255. Is c composite?
False
Suppose 4*r - 10051 + 3847 = 0. Suppose 0 = 3*f + 3*p - 909, 5*f - 5*p - r = -p. Is f composite?
False
Suppose 8 = -4*s + 3*s. Is ((-466)/s)/((-4)/(-16)) a composite number?
False
Let v(h) = 14*h**2 + 2*h - 2. Let d be v(-2). Let n be (-5 + 7)*(-50)/4. Let y = n + d. Is y a composite number?
True
Suppose -3*r + 73 = b, 4*r - b - 46 - 63 = 0. Is r a composite number?
True
Suppose 4 + 0 = -4*l. Let b = l + 3. Suppose 21 = -a + b*a. Is a prime?
False
Let c be (-17)/(-3) + (-2)/(-6). Suppose c*g - 2*g - 332 = 0. Is g a prime number?
True
Let d(u) be the first derivative of -12*u**4 + u**3/3 + u**2/2 + u + 4. Is d(-1) a composite number?
True
Let q(v) = -v - 12. Suppose -5*h = 3*m + 23, h - 6 = -5*m - 37. Let s be q(m). Is (-141)/(-1) + s/(-3) a composite number?
True
Suppose -3*j = -7*j - 5*l + 164, 5*j + l = 226. Suppose -4*b - u + 129 = 0, 4*b - j = -3*u + 93. Is b a prime number?
True
Suppose -2*c + 3633 = c. Suppose 3*b - 2*m = 1220, -c = -4*b + m + 424. Suppose 0*l + b = 2*l. Is l prime?
False
Let l = 15 - -4. Let b = 60 + l. Is b a composite number?
False
Is ((-1271)/(2 - 3))/1 prime?
False
Suppose 10*s - 11 = 9*s. Is s a composite number?
False
Let j(f) = 9*f**2 - f + 4. Let v be j(-4). Let u = -99 + v. Is u a composite number?
False
Suppose -g + f + 10 = 2*g, 4*f - 24 = -4*g. Suppose 55 = g*u - 5*p - 213, -2*p - 134 = -2*u. Is u composite?
False
Let g(i) = -15*i - 2. Let n be g(-2). Suppose m = -m + n. Is m a composite number?
True
Is (-874)/(-8) + 16/(-64) a composite number?
False
Suppose y = 3*c + 664, -y = 5*c + 2*y + 1088. Let g = -97 - c. Is g a composite number?
True
Let c = -41 - -20. Let h be c*3 - -1*2. Let p = -39 - h. Is p a prime number?
False
Let s be 1*(1 + -1)/3. Suppose s = h - 13 - 72. Is h a composite number?
True
Let o be ((-194)/3)/((-6)/(-27)). Let a = -202 - o. Is a a composite number?
False
Let k be -9 + (-4)/1 + 2. Let f = 24 - k. Is f prime?
False
Suppose 2*z - d = 4*d + 2271, -5*d = -z + 1148. Is z a prime number?
True
Let d be (1 - -1) + 2 - 1. Suppose 3*k - q = 50, d*k + 2*q - 50 = -k. Is (-6)/(-4)*40/k prime?
False
Suppose 3*y = 32 + 73. Suppose -y = -10*v + 5*v. Is v a prime number?
True
Let r(o) = -o**2 - 3*o - 2. Let p be r(-2). Suppose p*k = k - 3. Is 50 - (k - 6/1) prime?
True
Let g(s) = 16*s**3 + s**2 - 4. Is g(3) a composite number?
True
Let h = -4 + 5. Let g be ((-301)/(-14))/(h/(-2)). Let x = g - -94. Is x prime?
False
Let h(r) be the first derivative of -103*r**2/2 + 3. Is h(-1) prime?
True
Let u(f) = 10*f**2 - 5*f - 4. Let t be u(-5). Let b = -144 + t. Is b a composite number?
False
Let j(x) = 114*x + 1. Let y = -7 + 8. Is j(y) prime?
False
Let k(r) = r**3 - 7*r**2 - 8*r + 2. Let l be k(7). Let g = l - -101. Is g composite?
False
Let m = 141 - -242. Suppose 0 = 2*x + 2*p - 9 - 141, -5*x - 3*p = -m. Is x a prime number?
True
Suppose -6*o + 9 = -3*o. Suppose -o*j - 5*m + 1283 = 0, -427 = -0*j - j - 2*m. Is j a composite number?
False
Suppose 10 = 5*c + 4*d - 10, -4*c - 5*d + 